 16) to base 9
54157
Convert -312131221132 (base 4) to base 2.
-110110011101101001011110
What is -115194 (base 10) in base 5?
-12141234
What is 640939 (base 13) in base 15?
3145d1
-172b9 (base 12) to base 5
-2031021
Convert -107698b (base 13) to base 10.
-5041554
What is 502449 (base 15) in base 7?
44224053
What is -46216215 (base 7) in base 3?
-21121011102210
Convert -1196c3 (base 16) to base 2.
-100011001011011000011
What is -2163364 (base 7) in base 11?
-173174
What is 105152120 (base 6) in base 7?
22245630
Convert 29648 (base 14) to base 2.
11001000101110000
Convert -3021735 (base 10) to base 9.
-5615033
What is a68542 (base 14) in base 5?
2420203401
234223a (base 11) to base 13
b01811
What is 10aa08 (base 11) in base 7?
1330615
b9729 (base 12) to base 13
874b3
Convert -20112210101 (base 3) to base 11.
-88915
-235b24 (base 13) to base 15
-119363
4415038 (base 10) to base 4
100311320332
320020003332 (base 4) to base 3
1000200111120010
What is -11044a (base 12) in base 4?
-1001331322
51313 (base 6) to base 4
1222131
-1100101010100010001100 (base 2) to base 12
-1141324
225431 (base 7) to base 16
9d9d
-16ff01 (base 16) to base 9
-2746275
-4514423 (base 6) to base 9
-376456
Convert -303104 (base 7) to base 6.
-1034235
Convert 353331 (base 6) to base 15.
90dd
Convert 695f3 (base 16) to base 13.
1215b3
What is 2933531 (base 10) in base 2?
1011001100001100011011
What is -450693 (base 10) in base 9?
-756210
-325513 (base 8) to base 9
-176041
What is 75070 (base 8) in base 15?
940d
Convert -5a671 (base 16) to base 2.
-1011010011001110001
What is 11741a (base 12) in base 6?
10014434
Convert -213201302302 (base 4) to base 8.
-47416262
e1475 (base 16) to base 7
10562131
Convert -104311 (base 5) to base 7.
-13543
Convert -451014321 (base 6) to base 11.
-467905a
-111010100020 (base 3) to base 9
-433306
Convert -4302341 (base 12) to base 2.
-110000011011001101100001
d2503 (base 14) to base 9
850837
What is -9097 (base 14) in base 3?
-1021001121
520102 (base 8) to base 14
46a0a
What is -112100332 (base 4) in base 14?
-25342
Convert 134215223 (base 6) to base 2.
1010011001000011011111
What is -2121200010212 (base 3) in base 5?
-324003121
Convert 1010010010110011101000 (base 2) to base 12.
aa1748
What is 1222020210022 (base 3) in base 2?
11111111111001010100
What is -111110100101100 (base 2) in base 9?
-47854
-221300032 (base 4) to base 15
-35a17
What is -280093 (base 11) in base 8?
-1532044
-38c92 (base 13) to base 3
-12100120221
What is cab5 (base 15) in base 12?
20a08
What is 305aa1 (base 16) in base 3?
12221222221202
-2a23428 (base 11) to base 7
-62043451
-22333132331 (base 4) to base 2
-1010111111011110111101
-158514 (base 9) to base 16
-17f38
What is -220563 (base 8) in base 5?
-4332344
-230112133230 (base 4) to base 6
-1053110140
Convert -1a3891 (base 13) to base 3.
-1020210011022
Convert -1556023 (base 8) to base 11.
-287837
What is 699bb (base 15) in base 10?
336326
What is -2263434 (base 9) in base 8?
-4524350
What is 1110110100010100001 (base 2) in base 15?
98ce2
-126838 (base 10) to base 16
-1ef76
-11256551 (base 8) to base 5
-1111324440
Convert 101010110101110 (base 2) to base 4.
11112232
Convert -46c4c (base 14) to base 13.
-606cc
What is 174253 (base 14) in base 13?
228539
634342 (base 7) to base 14
2bd22
Convert 95902 (base 15) to base 5.
110141102
183ac00 (base 14) to base 12
4017294
Convert -13103032332 (base 4) to base 16.
-1d33be
What is -1576a (base 16) in base 3?
-11110121002
127134 (base 9) to base 7
441421
1643a28 (base 12) to base 14
86cd0c
241353 (base 10) to base 12
b7809
Convert 100000110101101000010100 (base 2) to base 6.
504301044
What is -5385683 (base 11) in base 5?
-4410344213
-3010302220 (base 4) to base 2
-11000100110010101000
1717a (base 15) to base 16
1235e
What is -10505422 (base 6) in base 15?
-64c6e
What is -67751 (base 16) in base 12?
-185295
What is 4202134 (base 5) in base 12?
33b58
What is 300145 (base 7) in base 6?
1025451
Convert -2c238e (base 15) to base 9.
-4012028
What is 45321240 (base 6) in base 2?
101010000101110111000
What is 333141023 (base 5) in base 13?
3c1062
-6d6a5 (base 15) to base 8
-1251712
What is a83176 (base 12) in base 8?
12112452
What is 300da (base 16) in base 7?
1446560
-213330301 (base 4) to base 12
-7a841
-110325511 (base 6) to base 3
-10201221021221
Convert 41204120 (base 5) to base 15.
69375
-1203c4 (base 14) to base 3
-1011021012012
-429049 (base 10) to base 2
-1101000101111111001
What is -203001 (base 8) in base 4?
-100120001
Convert -1011110011110110 (base 2) to base 12.
-23bb2
-1120202222 (base 3) to base 2
-111100111010000
-210220200101 (base 3) to base 12
-189747
Convert -1374264 (base 11) to base 4.
-21000313111
1527175 (base 8) to base 15
89b25
4482a2 (base 11) to base 16
ae42a
Convert 1722072 (base 10) to base 6.
100524320
393a00 (base 12) to base 2
11100101011011100000
Convert 21030253 (base 6) to base 12.
255389
Convert 11001111001011011 (base 2) to base 8.
317133
What is 10487 (base 9) in base 16?
1b34
-9545291 (base 10) to base 3
-122221221200022
What is 5207a1 (base 12) in base 11?
7a9843
What is 504124 (base 8) in base 2?
101000100001010100
Convert e40be (base 16) to base 5.
214342303
Convert -42124231 (base 6) to base 11.
-766992
Convert 15690254 (base 10) to base 4.
323312220032
What is -221880 (base 9) in base 6?
-2502113
Convert -25155542 (base 6) to base 4.
-3011123312
-1011111100010110101 (base 2) to base 10
-391349
What is 301410 (base 6) in base 7?
126036
-44344032 (base 5) to base 13
-107435
-130413 (base 7) to base 8
-57230
What is -c91ac0 (base 13) in base 2?
-10001111111100001000000
Convert -562339 (base 11) to base 4.
-3122302220
What is -5227311 (base 9) in base 10?
-2793781
Convert -10011000010010000011 (base 2) to base 13.
-18aba7
377ba (base 14) to base 10
135992
-283b59 (base 12) to base 9
-1231536
Convert 95641a (base 11) to base 12.
61a103
What is -63215623 (base 7) in base 6?
-310142154
-8157a6 (base 12) to base 6
-111153130
-22626 (base 11) to base 6
-411214
Convert 213442221 (base 5) to base 4.
3200333121
What is -14842014 (base 9) in base 12?
-2593634
What is -10025485 (base 9) in base 11?
-2789461
12234440241 (base 5) to base 15
1469c81
Convert 1de3d (base 15) to base 10.
97708
134145 (base 7) to base 13
b78a
Convert -2001100211 (base 3) to base 4.
-21312220
Convert -ab7c8 (base 15) to base 8.
-2050562
What is 101120013 (base 4) in base 12?
35233
a9172 (base 13) to base 3
120112021012
-2414332 (base 7) to base 6
-10322501
-122002100 (base 3) to base 14
-477a
Convert -75600 (base 11) to base 7.
-635213
Convert -110101000111011101011010 (base 2) to base 11.
-79504a1
-74a0b (base 15) to base 4
-1122113120
Convert -4564277 (base 8) to base 11.
-777064
914198 (base 10) to base 15
130d18
1010011010101000000 (base 2) to base 15
6b1e2
Convert -44670 (base 13) to base 4.
-132103221
Convert -1013000203 (base 4) to base 11.
-189580
What is -10010101100 (base 2) in base 16?
-4ac
Convert -63f7d1 (base 16) to base 12.
-223b469
-229bb (base 13) to base 12
-3069b
Convert -110121210020002 (base 3) to base 8.
-31454755
Convert 1262e5 (base 15) to base 9.
1583218
Convert -a532 (base 13) to base 5.
-1212411
Convert 43432403 (base 5) to base 7.
3115452
-11201002122210 (base 3) to base 9
-4632583
104561 (base 11) to base 14
44c3d
Convert -27415463 (base 8) to base 11.
-353268a
Convert 60536565 (base 7) to base 13.
10738cb
1b8135 (base 13) to base 3
1022201200102
What is -1559026 (base 11) in base 6?
-133020112
What is 10335240 (base 6) in base 13?
aa457
What is -9d7a58 (base 14) in base 7?
-63365641
323272 (base 8) to base 12
52762
What is 9b73c3 (base 13) in base 15?
4c7e53
Convert 4a783a (base 12) to base 2.
100101000110111101110
What is 103544433 (base 6) in base 8?
7071745
Convert -15120510 (base 6) to base 8.
-1776772
Convert -25441230 (base 6) to base 4.
-3022210302
Convert -31130230102 (base 4) to base 12.
-12201aa
Convert -7618 (base 15) to base 16.
-61a6
-1662645 (base 7) to base 8
-710666
414774 (base 8) to base 16
219fc
Convert 2423160 (base 7) to base 8.
1132340
Convert 212202112000010 (base 3) to base 7.
212220306
Convert 3515d (base 16) to base 5.
23424222
Convert -1010001000110101001 (base 2) to base 13.
-b828c
-16b57c (base 13) to base 9
-1054750
Co